{"id":229,"date":"2026-03-25T15:12:25","date_gmt":"2026-03-25T15:12:25","guid":{"rendered":"https:\/\/timeattack.se\/shop\/?post_type=product&#038;p=229"},"modified":"2026-03-27T12:40:53","modified_gmt":"2026-03-27T12:40:53","slug":"time-attack-seriepaket-pro-max-limiterat-2","status":"publish","type":"product","link":"https:\/\/timeattack.se\/shop\/product\/time-attack-seriepaket-pro-max-limiterat-2\/","title":{"rendered":"Time Attack &#8211; Seriepaket Pro Max (Limiterat)"},"content":{"rendered":"<div draggable=\"false\" data-pm-slice=\"1 1 []\" data-en-clipboard=\"true\">\n<div draggable=\"false\" data-pm-slice=\"1 1 []\" data-en-clipboard=\"true\">\n<div draggable=\"false\" data-pm-slice=\"1 1 []\" data-en-clipboard=\"true\">\n<div draggable=\"false\">\n<div draggable=\"false\">\n<p draggable=\"false\">V\u00e5rt nya (begr\u00e4nsade i antal) all inclusive, prestige- och flaggskepps-paket.<br \/>\nTill dig som vill ha \u201callt\u201d och k\u00e4nner att du investerar i content, merch, relationer och upplevelse; inte bara k\u00f6rning.<br \/>\nAbsolut h\u00f6gst v\u00e4rde f\u00f6r dig som bygger varum\u00e4rke kring dig sj\u00e4lv, men \u00e4ven f\u00f6reviga din s\u00e4song som ett minne f\u00f6r livet om du \u00e4r mer privat.<br \/>\n<span style=\"color: #555555; font-size: 14.4px;\"><span style=\"color: #555555; font-size: 14.4px;\">Ett paket som ocks\u00e5 ger dig status som en av seriens st\u00f6ttepelare, med ett s\u00e4rskilt personligt (eller till f\u00f6retag eller v\u00e4lg\u00f6renhet) tack till i varje Timeattack.tv vodcast.<\/span><\/span><\/p>\n<p><span style=\"color: #555555; font-size: 14.4px;\">Ordinarie v\u00e4rde f\u00f6r enbart k\u00f6rningar (styckpris): ca 39 200:-<br \/>\n<\/span>Totalt v\u00e4rde: 54 700:-<br \/>\n<b>Du sparar hela 11 700:-<\/b><\/p>\n<p><b style=\"font-size: 14.4px;\">F\u00f6rutom allt i PRO ing\u00e5r f\u00f6ljande:<\/b><\/p>\n<\/div>\n<\/div>\n<\/div>\n<\/div>\n<\/div>\n<div draggable=\"false\">\n<ul>\n<li draggable=\"false\">\n<div draggable=\"false\">Pro Max t\u00e4vlingsstreamer f\u00f6r vindrutan i exklusiv f\u00e4rg.<\/div>\n<\/li>\n<li draggable=\"false\">\n<div draggable=\"false\">F\u00f6rtur att med -1000:-\/dag rabatt boka \u201dKing of Finland\u201d.<\/div>\n<\/li>\n<li draggable=\"false\">\n<div draggable=\"false\">Professionella foton och videoklipp p\u00e5 dig och din bil fr\u00e5n varje t\u00e4vlingshelg i h\u00f6guppl\u00f6st format, fritt att nyttja i sociala medier.<\/div>\n<\/li>\n<li draggable=\"false\">\n<div draggable=\"false\">\u201cTack till\u201d din sponsor\/f\u00f6retag med logo p\u00e5 hemsidan, banderoll p\u00e5 banan samt i ev. video-highlights.<\/div>\n<\/li>\n<li draggable=\"false\">\n<div draggable=\"false\">Frukost och middag ing\u00e5r f\u00f6r varje eventdag.<\/div>\n<\/li>\n<li draggable=\"false\">\n<div draggable=\"false\">1x Trackday\/Media\/Sponsordag p\u00e5 Mantorp Park 7e Augusti. M\u00f6jlighet boka till v\u00e4n med 50% rabatt.<\/div>\n<\/li>\n<li draggable=\"false\">\n<div draggable=\"false\">F\u00f6rtur att boka garage<\/div>\n<\/li>\n<\/ul>\n<\/div>\n","protected":false},"excerpt":{"rendered":"<h4 draggable=\"false\" data-pm-slice=\"1 1 []\" data-en-clipboard=\"true\">10x K\u00f6rtillf\u00e4llen. Premiumpaketet med A L L A v\u00e5ra testdagar och seriedelt\u00e4vlingar<\/h4>\n","protected":false},"featured_media":220,"comment_status":"open","ping_status":"closed","template":"","meta":[],"product_brand":[],"product_cat":[17],"product_tag":[],"class_list":{"0":"post-229","1":"product","2":"type-product","3":"status-publish","4":"has-post-thumbnail","6":"product_cat-seriepaket","8":"first","9":"instock","10":"virtual","11":"taxable","12":"purchasable","13":"product-type-simple"},"_links":{"self":[{"href":"https:\/\/timeattack.se\/shop\/wp-json\/wp\/v2\/product\/229","targetHints":{"allow":["GET"]}}],"collection":[{"href":"https:\/\/timeattack.se\/shop\/wp-json\/wp\/v2\/product"}],"about":[{"href":"https:\/\/timeattack.se\/shop\/wp-json\/wp\/v2\/types\/product"}],"replies":[{"embeddable":true,"href":"https:\/\/timeattack.se\/shop\/wp-json\/wp\/v2\/comments?post=229"}],"wp:featuredmedia":[{"embeddable":true,"href":"https:\/\/timeattack.se\/shop\/wp-json\/wp\/v2\/media\/220"}],"wp:attachment":[{"href":"https:\/\/timeattack.se\/shop\/wp-json\/wp\/v2\/media?parent=229"}],"wp:term":[{"taxonomy":"product_brand","embeddable":true,"href":"https:\/\/timeattack.se\/shop\/wp-json\/wp\/v2\/product_brand?post=229"},{"taxonomy":"product_cat","embeddable":true,"href":"https:\/\/timeattack.se\/shop\/wp-json\/wp\/v2\/product_cat?post=229"},{"taxonomy":"product_tag","embeddable":true,"href":"https:\/\/timeattack.se\/shop\/wp-json\/wp\/v2\/product_tag?post=229"}],"curies":[{"name":"wp","href":"https:\/\/api.w.org\/{rel}","templated":true}]}}