{"id":62,"date":"2026-03-13T14:35:36","date_gmt":"2026-03-13T14:35:36","guid":{"rendered":"https:\/\/timeattack.se\/shop\/?post_type=product&#038;p=62"},"modified":"2026-04-27T13:03:26","modified_gmt":"2026-04-27T13:03:26","slug":"elskap-hela-helgen-eller-singeldag","status":"publish","type":"product","link":"https:\/\/timeattack.se\/shop\/product\/elskap-hela-helgen-eller-singeldag\/","title":{"rendered":"Elsk\u00e5p &#8211; Hela helgen eller singeldag"},"content":{"rendered":"<p>Boka tillg\u00e5ng till 16 A eluttag i din dep\u00e5plats f\u00f6r att ansluta t.ex. husvagn, husbil eller annan utrustning under dagen eller hela helgen. Perfekt f\u00f6r belysning, laddning, kylbox eller mindre elapparater.<\/p>\n","protected":false},"excerpt":{"rendered":"<p>Tillg\u00e5ng till 16 A eluttag i din dep\u00e5plats f\u00f6r t.ex. husvagn.<\/p>\n","protected":false},"featured_media":77,"comment_status":"closed","ping_status":"closed","template":"","meta":[],"product_brand":[],"product_cat":[36,20],"product_tag":[],"class_list":{"0":"post-62","1":"product","2":"type-product","3":"status-publish","4":"has-post-thumbnail","6":"product_cat-event_ta","7":"product_cat-kinnekulle-ring-2026","9":"first","10":"instock","11":"virtual","12":"taxable","13":"purchasable","14":"product-type-simple"},"_links":{"self":[{"href":"https:\/\/timeattack.se\/shop\/wp-json\/wp\/v2\/product\/62","targetHints":{"allow":["GET"]}}],"collection":[{"href":"https:\/\/timeattack.se\/shop\/wp-json\/wp\/v2\/product"}],"about":[{"href":"https:\/\/timeattack.se\/shop\/wp-json\/wp\/v2\/types\/product"}],"replies":[{"embeddable":true,"href":"https:\/\/timeattack.se\/shop\/wp-json\/wp\/v2\/comments?post=62"}],"wp:featuredmedia":[{"embeddable":true,"href":"https:\/\/timeattack.se\/shop\/wp-json\/wp\/v2\/media\/77"}],"wp:attachment":[{"href":"https:\/\/timeattack.se\/shop\/wp-json\/wp\/v2\/media?parent=62"}],"wp:term":[{"taxonomy":"product_brand","embeddable":true,"href":"https:\/\/timeattack.se\/shop\/wp-json\/wp\/v2\/product_brand?post=62"},{"taxonomy":"product_cat","embeddable":true,"href":"https:\/\/timeattack.se\/shop\/wp-json\/wp\/v2\/product_cat?post=62"},{"taxonomy":"product_tag","embeddable":true,"href":"https:\/\/timeattack.se\/shop\/wp-json\/wp\/v2\/product_tag?post=62"}],"curies":[{"name":"wp","href":"https:\/\/api.w.org\/{rel}","templated":true}]}}